w - 57. What is the tens digit of (0 - 436/12)*(s + -1)?
4
Let b(h) = -11*h**2 + 457*h - 30. What is the tens digit of b(12)?
7
Let u(k) = -14*k**2 - 766*k + 81. What is the thousands digit of u(-50)?
3
Let w(q) = 25*q - 791 + 818 + 3*q + 69*q. What is the tens digit of w(4)?
1
Suppose -4 - 2 = -3*j. Let q be ((j + -3)*1)/(3/(-15)). Suppose 348 = q*b + b. What is the tens digit of b?
5
Let s(l) = -l**3 - l**2 - 1. Let b(d) = -4*d**3 + 4*d - 3. Let h(x) = -b(x) + 5*s(x). Let u be h(-4). What is the units digit of ((-10)/40)/(u/8)?
1
What is the tens digit of (-6)/(-96) + (-1093224)/(-384)?
4
Let a = -10376 - -17322. What is the hundreds digit of a?
9
Suppose 3*r = 2*r - 82. Let n = 91 + r. What is the units digit of ((-24)/n)/2*-51?
8
Let i = 6 - -3. Suppose -i*s + 3875 = -4*s. Suppose -69*u = -74*u + s. What is the units digit of u?
5
Let m(r) = -5*r + 3. Let q be m(0). Suppose v = -2*k + 834, -2*v + q*v = -4. What is the tens digit of k?
1
Suppose f + 39 = 77. What is the units digit of -75*((-8)/(-6) - f/3)?
0
Suppose 34*s = 29*s + 210. Suppose -43*z + s*z + 33 = 0. What is the units digit of z?
3
Let m(h) = -h + 6. Let z be m(0). Let j(l) = 12*l - 25*l + 2*l**2 + 0*l**2 + z. What is the units digit of j(10)?
6
What is the tens digit of (-4991504)/(-616) + 1/(-11)?
0
Let t(w) = -38*w + 132. Let o be t(8). What is the units digit of 0 - o/8*6 - -1?
0
Let q be (2/(-10))/((-5)/25 - 0). Let m be (155/4 - q)*4. Suppose -4*n + 3*n - 3*d = -m, -3*n + 509 = -5*d. What is the units digit of n?
3
Let l(x) = -1746*x - 5629. What is the tens digit of l(-20)?
9
Let u(m) = m - 2. Let k be u(6). Suppose 55*v = 53*v + k. Suppose 3*p + v*q = 310, 3*p - 263 = 5*q + 75. What is the units digit of p?
6
Let d(r) = 4*r**3 - 14 + 3*r**2 - 4*r - 5*r**3 + 0*r**3 + 15. Let v be d(2). What is the tens digit of (v/(-2))/((-17)/(-782))?
6
Let b(m) = 6*m**2 - 34*m - 60. Let k be b(17). Suppose -10*l - k = -14*l. What is the tens digit of l?
7
Suppose -3*p + 4*r = -14398 - 14564, -p + 9628 = 3*r. What is the thousands digit of p?
9
Let x be 10 + -2 + 35/5. Let p(s) = 21*s + 6. Let v be p(x). Let c = v - 219. What is the tens digit of c?
0
Let o(i) = 6*i**2 + 2*i - 2. Let s be o(-2). Let b(u) = 0*u + s - 28 - 5*u. What is the units digit of b(-3)?
5
What is the thousands digit of ((-19440)/84)/((-20)/4340)?
0
Let o = -11 - 64. Suppose 1 = -17*z + 18*z. What is the units digit of (-2 - -1)*o/z?
5
Let o(d) = -11*d**3 - d - 1. Let k be o(-1). Let j be k + -7 + (-1 - 6). What is the units digit of j/(-1) + 50 + 15?
8
Let c(k) = -3*k**2 + 8. Let j(h) = -4*h**2 + 2*h + 7. Let z(d) = -3*c(d) + 2*j(d). What is the hundreds digit of z(-17)?
2
Let o = 12 - -3. Let v(k) = 2*k**2 - 28*k + 34. Let p be v(o). Let g = 110 - p. What is the tens digit of g?
4
Let m(h) = 406*h - 682*h + 137 + 377*h. What is the hundreds digit of m(3)?
4
Let d(o) = 188*o**2 - 27*o - 55. Let u be 1/(1/4*(-4)/2). What is the units digit of d(u)?
1
Suppose -4*t - v + 151581 = 0, -3*v + 179184 = 5*t - 10301. What is the ten thousands digit of t?
3
Let t = -16450 - -34832. Suppose -t = -7*g - 19*g. What is the hundreds digit of g?
7
Let r(v) = 404*v + 248. Let n(l) = -201*l - 124. Let s(k) = 5*n(k) + 2*r(k). What is the hundreds digit of s(-6)?
0
Suppose 1317 = 8*h - 1299. Suppose 0 = c + 2*v - h, 7*v - 12 = 3*v. What is the hundreds digit of c?
3
Suppose 4*h - 33*c - 34 = -32*c, 3*h - 3*c - 30 = 0. What is the tens digit of -2*((0 - 64) + (10 - h))?
2
Suppose 243*z - 234*z - 153 = 0. Suppose t - 4745 = -3*m, 3*m - z*t + 12*t = 4733. What is the units digit of m?
1
What is the hundreds digit of (-35516)/130*(-180)/6?
1
Let n(q) = -q**2 + 12*q - 8. Let d = -26 - -37. Let m be n(d). Suppose 2*s - 135 = -2*f + m*f, 80 = s - 3*f. What is the units digit of s?
5
What is the thousands digit of (-7)/(56/(-71712))*(-4)/(-6)?
5
Let l(s) = 17*s**2 + s - 1. Let u be l(2). Suppose -3*d + 564 = -u. What is the tens digit of d?
1
Suppose 270 + 60 = 5*g. Suppose -5*p - g = -6. What is the units digit of ((-2)/10)/(12/30)*p?
6
Let y(i) = i**3 + 11*i**2 + i + 22. Let g be (24/16)/(2/(-8) + 1). Suppose -3*s = -g*t - 3*t - 41, 2*t - s = -17. What is the tens digit of y(t)?
1
Suppose v - 3*v + 3*u = 0, 5*v + 4*u = 0. Let a be ((0 - -1)*-3 - v) + 200. Suppose -3*g = -a - 31. What is the units digit of g?
6
Let v = 2017 - 389. Suppose 0 = -5*p + 4*f + 236 + v, 4*p + 4*f = 1484. What is the tens digit of p?
7
Let d(c) = 293*c - 8. Let u(n) = -n**2 + 11*n - 29. Let r be u(6). What is the units digit of d(r)?
5
Let f(y) = -11*y**3 + 11*y - 31. Let n(k) = -5*k**3 + k**2 + 6*k - 16. Let v(h) = -6*f(h) + 13*n(h). What is the units digit of v(-9)?
4
Suppose -4*a + 115390 = 3*o, 95*o - 92*o + 28840 = a. What is the thousands digit of a?
8
Let h(m) = m**2 + 11*m - 20. Let q be h(-9). Let z = q + 57. Let c = 187 - z. What is the units digit of c?
8
What is the hundreds digit of 1696 + 0 + (-20 - -6)?
6
Let y(b) = -2474*b - 173. What is the hundreds digit of y(-4)?
7
Let i be -1 - 66/(3 - (2 + 2)). Let z = 40 - i. Let y = z + 44. What is the tens digit of y?
1
Suppose -5*i + 21*m = 17*m - 28008, -4*i + 22392 = 4*m. What is the hundreds digit of i?
6
Let j = 1764 + -3033. Let m = j + 1863. What is the units digit of m?
4
Let a be ((-21)/(-9))/((-455)/228 - -2). Suppose -l + 5*c - 96 = 0, l = 6*l + c + a. Let v = -55 - l. What is the tens digit of v?
5
Let h = -30910 - -43902. What is the units digit of h?
2
Let x be 0*(2 - (-1 + 4)). Suppose -3*a + a + 34 = x. Suppose -5*g - p + 335 = 0, 7 = 2*p + a. What is the tens digit of g?
6
Let r be (-8)/(-5) - 6/(-15). Suppose s = i + 4, 12*i + 8 = 2*s + 14*i. Suppose -r*x - m + 114 = -2*m, -s*m + 8 = 0. What is the tens digit of x?
5
Let a(j) = -j**3 + 55*j**2 + 187*j - 327. What is the units digit of a(44)?
7
Let z(g) be the second derivative of 11*g**4/12 + 5*g**3/6 - 27*g**2 - 4*g - 34. What is the hundreds digit of z(5)?
2
Suppose 4*r + 28242 = 5*o + 110, 5*o - 3*r = 28139. What is the tens digit of o?
3
What is the tens digit of (-2)/(15/4585*(-8)/12)?
1
Suppose 11*n - 210 = 5*n. Let b be (6/12*-16)/((-2)/n). Suppose -b = -2*k + 22. What is the tens digit of k?
8
Let z(j) = -21*j**3 - 3*j**2 - 15*j - 74. What is the units digit of z(-8)?
6
Let m be -4*3/(-6) - 0. Let f(z) = 37*z**m - 32*z**2 - 4*z + 3*z**3 - 4*z**3 + 3. What is the units digit of f(3)?
9
Let v(g) = -g. Let h(u) = 36*u + 268. Let i(n) = h(n) - 6*v(n). What is the hundreds digit of i(11)?
7
Let d be 5/(50/(-215))*(4 + -2). Let h = -113 + 190. Let l = d + h. What is the tens digit of l?
3
Let l = -6030 + 11514. What is the hundreds digit of l?
4
Suppose 4*y - 5*l - 6 = 5*y, 0 = -3*y - 4*l - 29. Let j = 6 + y. Let t = 29 + j. What is the units digit of t?
4
Suppose 8*a - 9*a = -2*k + 23930, -4*a = 5*k - 59825. What is the hundreds digit of k?
9
Let x = -58 - -62. Let g = x + 429. Suppose 14*y - g + 83 = 0. What is the tens digit of y?
2
Let h(r) = -27*r**3 + r**2 + 2*r. Suppose 5*s = -3*o - 16, -4*o + 2*s - 1 - 3 = 0. Let x be h(o). Suppose 7*z = 10*z - x. What is the units digit of z?
2
Let o(n) be the second derivative of -n**5/20 + n**4/3 - n**3/3 + 4*n**2 - 34*n. Let t be o(4). Suppose t = a + 3*a - 864. What is the tens digit of a?
1
What is the hundreds digit of (-10)/((210/17796)/(-7))?
9
Let g(y) = -2*y - 28. Let k be g(-14). Let z = 4 - k. Suppose -53 = -2*q - z*a + 91, -q = -5*a - 72. What is the tens digit of q?
7
Let r(p) = 10*p**2 - 57*p + 225. What is the tens digit of r(42)?
7
Let k(n) = 9137*n + 40. What is the thousands digit of k(1)?
9
Let q(a) = a**2 - 8*a + 1. Let r be q(10). Suppose r*l + 1321 - 7306 = 0. What is the hundreds digit of l?
2
Suppose 0 = -4*x - 8, 5*y - 1607 = -2*x + 3*x. Let b = y + -167. Suppose -2*z = -h + b, -z - 388 = -5*h + 409. What is the hundreds digit of h?
1
Let h be (32/12)/4 + (-53)/3. Let i = -15 - h. Suppose i*t = 4*t - 452. What is the tens digit of t?
2
What is the hundreds digit of 9144/(-8)*(-23 + 17 + (-16)/(-6))?
8
What is the hundreds digit of 1 + 7262 + 12/((-42)/(-14)) + -2?
2
Suppose 105*f = 114*f - 90279. What is the thousands digit of f?
0
Suppose 4*x + 197 = 341. Let v = 77 + x. What is the units digit of v?
3
Let i(y) = 8*y**3 - 2*y**2 + 8*y + 7. Let j be i(3). Let b =